alculate the remainder when 4325 is divided by 48.
5
Calculate the remainder when 81492 is divided by 61.
57
Calculate the remainder when 33033 is divided by 295.
288
What is the remainder when 475277 is divided by 134?
113
Calculate the remainder when 5634150 is divided by 17.
10
What is the remainder when 670 is divided by 540?
130
Calculate the remainder when 3624 is divided by 588.
96
What is the remainder when 227417 is divided by 1216?
25
What is the remainder when 496 is divided by 65?
41
What is the remainder when 1589 is divided by 330?
269
Calculate the remainder when 344 is divided by 87.
83
Calculate the remainder when 23477 is divided by 46.
17
Calculate the remainder when 3950 is divided by 82.
14
What is the remainder when 573370 is divided by 3496?
26
Calculate the remainder when 34636 is divided by 234.
4
What is the remainder when 144131 is divided by 150?
131
Calculate the remainder when 61292 is divided by 23.
20
What is the remainder when 1788 is divided by 127?
10
Calculate the remainder when 24837 is divided by 108.
105
Calculate the remainder when 327290 is divided by 237.
230
Calculate the remainder when 57997 is divided by 56.
37
What is the remainder when 7711 is divided by 128?
31
What is the remainder when 23329 is divided by 1555?
4
Calculate the remainder when 39179 is divided by 612.
11
What is the remainder when 359936 is divided by 25708?
24
Calculate the remainder when 4773 is divided by 787.
51
What is the remainder when 3765 is divided by 732?
105
What is the remainder when 13983 is divided by 4657?
12
Calculate the remainder when 2096266 is divided by 418.
414
Calculate the remainder when 19965 is divided by 1842.
1545
Calculate the remainder when 234148 is divided by 15.
13
Calculate the remainder when 11585 is divided by 3.
2
Calculate the remainder when 180 is divided by 12.
0
What is the remainder when 4969 is divided by 46?
1
Calculate the remainder when 134777 is divided by 67384.
9
What is the remainder when 53131 is divided by 72?
67
Calculate the remainder when 3427 is divided by 182.
151
What is the remainder when 13524 is divided by 98?
0
What is the remainder when 48982 is divided by 12?
10
What is the remainder when 10037 is divided by 358?
13
Calculate the remainder when 2135 is divided by 2099.
36
Calculate the remainder when 413 is divided by 27.
8
What is the remainder when 4525 is divided by 18?
7
Calculate the remainder when 22224 is divided by 2016.
48
Calculate the remainder when 21861 is divided by 12.
9
What is the remainder when 80489 is divided by 806?
695
What is the remainder when 24683 is divided by 242?
241
Calculate the remainder when 952 is divided by 277.
121
Calculate the remainder when 13013 is divided by 3245.
33
Calculate the remainder when 2988 is divided by 496.
12
What is the remainder when 17781 is divided by 38?
35
What is the remainder when 29250 is divided by 976?
946
Calculate the remainder when 538472 is divided by 35.
32
Calculate the remainder when 15953 is divided by 307.
296
Calculate the remainder when 12554 is divided by 283.
102
What is the remainder when 344552 is divided by 3161?
3
What is the remainder when 7599 is divided by 121?
97
What is the remainder when 1575 is divided by 89?
62
Calculate the remainder when 616907 is divided by 6.
5
What is the remainder when 45563 is divided by 735?
728
Calculate the remainder when 121786 is divided by 83.
25
What is the remainder when 157661 is divided by 208?
205
What is the remainder when 1125 is divided by 577?
548
What is the remainder when 131001 is divided by 137?
29
What is the remainder when 19222 is divided by 89?
87
Calculate the remainder when 1674 is divided by 188.
170
What is the remainder when 2635 is divided by 328?
11
What is the remainder when 78400 is divided by 11199?
7
What is the remainder when 422 is divided by 42?
2
Calculate the remainder when 31446 is divided by 1256.
46
Calculate the remainder when 975 is divided by 771.
204
Calculate the remainder when 64729 is divided by 203.
175
What is the remainder when 3551 is divided by 3146?
405
Calculate the remainder when 33899 is divided by 767.
151
Calculate the remainder when 1128401 is divided by 738.
737
Calculate the remainder when 5549 is divided by 781.
82
Calculate the remainder when 134 is divided by 84.
50
Calculate the remainder when 321 is divided by 93.
42
What is the remainder when 21454 is divided by 447?
445
Calculate the remainder when 58044 is divided by 430.
424
Calculate the remainder when 47594 is divided by 87.
5
What is the remainder when 3657 is divided by 1141?
234
Calculate the remainder when 845 is divided by 9.
8
Calculate the remainder when 8716 is divided by 51.
46
What is the remainder when 13014 is divided by 154?
78
Calculate the remainder when 21145 is divided by 5285.
5
Calculate the remainder when 57239 is divided by 102.
17
What is the remainder when 1493247 is divided by 64?
63
What is the remainder when 1116 is divided by 864?
252
What is the remainder when 5298 is divided by 128?
50
Calculate the remainder when 18579 is divided by 6169.
72
Calculate the remainder when 191954 is divided by 335.
334
What is the remainder when 252363 is divided by 9?
3
Calculate the remainder when 2958 is divided by 272.
238
What is the remainder when 292500 is divided by 8?
4
Calculate the remainder when 104155 is divided by 38.
35
Calculate the remainder when 3430 is divided by 456.
238
Calculate the remainder when 400 is divided by 6.
4
What is the remainder when 2274 is divided by 758?
0
Calculate the remainder when 1282 is divided by 630.
22
Calculate the remainder when 16764 is divided by 8343.
78
Calculate the remainder when 84128 is divided by 274.
10
Calculate the remainder when 347 is divided by 160.
27
What is the remainder when 11779586 is divided by 61?
59
What is the remainder when 123375 is divided by 72?
39
What is the remainder when 54573 is divided by 305?
283
Calculate the remainder when 472733 is divided by 22.
19
Calculate the remainder when 6427 is divided by 248.
227
What is the remainder when 124669 is divided by 256?
253
What is the remainder when 15582 is divided by 40?
22
What is the remainder when 6767668 is divided by 47?
44
Calculate the remainder when 12362 is divided by 3.
2
Calculate the remainder when 123598 is divided by 16.
14
Calculate the remainder when 1337 is divided by 1.
0
Calculate the remainder when 13227 is divided by 18.
15
Calculate the remainder when 27214 is divided by 128.
78
Calculate the remainder when 16409 is divided by 91.
29
What is the remainder when 25479 is divided by 25438?
41
What is the remainder when 36679 is divided by 111?
49
Calculate the remainder when 736666 is divided by 953.
950
Calculate the remainder when 8824 is divided by 89.
13
Calculate the remainder when 5815 is divided by 385.
40
Calculate the remainder when 17499 is divided by 5569.
792
Calculate the remainder when 26454 is divided by 29.
6
What is the remainder when 3621779 is divided by 1258?
1255
Calculate the remainder when 42094 is divided by 36.
10
Calculate the remainder when 2383 is divided by 791.
10
What is the remainder when 14504 is divided by 18?
14
What is the remainder when 35788 is divided by 372?
76
Calculate the remainder when 33024 is divided by 98.
96
Calculate the remainder when 2497 is divided by 2165.
332
Calculate the remainder when 28577 is divided by 1102.
1027
What is the remainder when 23583 is divided by 5771?
499
Calculate the remainder when 6955 is divided by 3.
1
Calculate the remainder when 1815417 is divided by 383.
380
What is the remainder when 1869 is divided by 814?
241
Calculate the remainder when 94423 is divided by 172.
167
Calculate the remainder when 48786 is divided by 35.
31
What is the remainder when 301401 is divided by 37?
36
What is the remainder when 10707 is divided by 355?
57
What is the remainder when 34821 is divided by 3868?
9
Calculate the remainder when 604 is divided by 88.
76
What is the remainder when 7184 is divided by 2275?
359
Calculate the remainder when 6649 is divided by 125.
24
What is the remainder when 14534 is divided by 521?
467
What is the remainder when 64330 is divided by 372?
346
Calculate the remainder when 10857